(-6 + -2 - -4) + 8?
4
What is -1 + 0 + (-4 - -7)?
2
3 - (-4 + 2 + 2 - -4)
-1
What is -3 - (-3 - (1 + -4 + 6))?
3
What is 4 - (1 - (-1 + 0 + 1))?
3
What is -2 + (-4 - -6) + (-14 - -5)?
-9
(-5 - -7 - -3) + -5
0
What is (-12 - -1) + 2 - -16?
7
Evaluate -1 + -4 - (-2 - 2).
-1
Evaluate (-46 - -47) + (-4 - 1).
-4
What is the value of (-3 - -3) + (5 - 4)?
1
What is 9 - (-1 - -1) - 6?
3
Evaluate 0 - -2 - (9 - 9).
2
What is the value of -2 + (5 + -4 - 0)?
-1
What is 0 + 3 - (-3 + -2 - -3)?
5
What is -7 + (-1 - 1) + 3 - -1?
-5
What is -3 + (0 - -4) + -5?
-4
-2 + (2 - 10 - 0 - -5)
-5
What is -2 + 1 + (2 - -3)?
4
Calculate 3 + -1 + -2 - (2 - 1).
-1
Calculate -66 + 64 - (-2 - -7).
-7
Calculate 5 - ((2 - 7) + (-8 - -11)).
7
What is the value of 3 - -4 - (-24 - -23)?
8
13 - 12 - (0 - (4 - 2))
3
(6 - 4) + (-4 - -7)
5
What is the value of (-3 - -3) + (-8 - -1) - -1?
-6
Calculate (11 - (20 + -9)) + -8 + -1.
-9
(2 - (-3 - 0)) + -9
-4
Evaluate (-5 - (-2 - -2 - 5)) + -2.
-2
Evaluate -8 + (3 - (1 + 3)).
-9
What is the value of 6 + (5 + -1 - 16) - -6?
0
What is -4 - (-1 + 5 + -3)?
-5
Calculate 6 + (-14 - -4) - (-4 + 0).
0
(2 + 2 - 7) + 7
4
82 + -80 + (0 - 1)
1
What is -3 + 6 + 3 + (-2 - 0)?
4
Evaluate -1 - -4 - (-34 + 36) - -5.
6
Calculate (-5 - 0) + (17 - 6).
6
(1 - 0) + (-4 - 0 - 1)
-4
Calculate -5 - (-10 - (-9 + 2 + 5)).
3
What is the value of -1 + -5 - (7 - (-8 + 19))?
-2
What is -3 + 4 + -5 + 0?
-4
Evaluate (-1 - (-6 - -2)) + -7.
-4
-5 - (-7 + 4 - -3)
-5
Calculate 6 + (-3 + 1 - 1).
3
What is 1 + (2 - 5 - (-17 - -17))?
-2
Evaluate 6 + 4 + 13 + -14.
9
Evaluate -3 + 0 - -3 - 3.
-3
What is 1 + -7 + 7 + 4?
5
88 + -90 - (-1 - (-1 - -1))
-1
What is the value of (-6 - (0 - 3 - 0)) + 5?
2
Calculate 3 + 3 + (0 - 0) + -10.
-4
What is the value of -3 - (-1 + 0 + 14 + -19)?
3
What is the value of 2 - (-6 + 2) - 3?
3
Evaluate 5 - (4 - (1 - -2)).
4
What is 8 + -13 + 14 + -3?
6
Evaluate 5 + (-7 - 1) - 3.
-6
What is 3 - -3 - 3 - 2 - 6?
-5
-4 + 5 + -6 + 2
-3
What is the value of (-34 - -26) + 1 + 2?
-5
What is -8 + 11 - (3 - 0)?
0
(2 - 2) + (-5 - (-4 - -1))
-2
Calculate 0 + 1 - (0 - 3).
4
What is (-1 - -9) + (6 - 13)?
1
(1 - -2 - (-4 - -4)) + -4
-1
Calculate -4 - (1 + 3 + -3).
-5
7 + -4 - (-1 + 6)
-2
4 - (4 - (3 + 1)) - -4
8
4 + 3 - (6 - 1)
2
Evaluate -12 + 8 - (1 + -2).
-3
6 - (2 + 2) - (2 + 6)
-6
4 + -9 + (-1 - -2)
-4
What is the value of -3 + 1 + (-2 + 8 - 0)?
4
Calculate -8 - (-18 - (-8 + 3)).
5
What is 10 - (10 + (-4 - 1))?
5
Evaluate 11 + -6 + 3 + -7.
1
3 + (6 - (4 + 5 + -4))
4
3 + -1 - (-3 - (4 - 4))
5
-1 + (4 - -1) + 0
4
-7 + -1 + 1 + (4 - 2)
-5
What is the value of -4 + (-1 - (-7 - 1))?
3
Evaluate (1 + -4 - 0 - 2) + 5.
0
Evaluate 5 + (2 - (4 - -3) - -1).
1
What is the value of 15 + (-9 - (-3 + 3))?
6
Calculate 7 + (1 - 4) - 5 - -1.
0
5 + (-9 - -1) + (6 - 1)
2
Calculate -3 + (3 - -3) + (0 - -2).
5
What is -2 + 3 - (20 + 1 + -27)?
7
Calculate 2 + -3 + -3 - 0.
-4
What is the value of (5 - (1 + 3)) + -1 + 0?
0
What is the value of 8 + -4 + -7 - 1?
-4
(-6 - (-5 + -6)) + -4 - -3
4
Calculate (-2 - -2) + -26 + 29 - -3.
6
What is (-9 + 2 - -3) + (1 - 2)?
-5
Evaluate (4 - 5) + (11 - 5).
5
Calculate 0 - 4 - (9 - 11).
-2
What is (2 - (3 - 2)) + -5 - -4?
0
Evaluate -4 + 3 + (4 - 3) + -4.
-4
What is -2 + 1 - (-4 + 4)?
-1
(-10 - -4) + 1 + 3
-2
What is 2 + (0 - -1) + 381 + -391?
-7
What is 3 + 1 - (1 - -5)?
-2
Evaluate (-6 - 2 - (3 + -23)) + -6.
6
What is the value of -5 - (-7 - (-1 + 4))?
5
What is -2 - (-1 + (0 - -1) - -3)?
-5
1 - ((0 + 5 - -1) + -2)
-3
What is the value of -3 + (2 - 2 - -11) + -5?
3
Evaluate 30 + -14 - 19 - (4 + 2).
-9
What is the value of -3 + 7 - (-3 + 6)?
1
What is -2 + -2 + -2 + 4 + -1?
-3
Evaluate (1 - -7) + -2 + (1 - 3).
4
(1 + 0 - 0) + (50 - 52)
-1
Evaluate -5 - ((-1 - -1) + -6).
1
Evaluate -1 + 1 - (-1 + (-4 - -2)).
3
(8 - 2) + (-4 - 9)
-7
Evaluate (-11 + -10 - -9) + 5.
-7
Evaluate 2 - (-2 - (11 + -8)).
7
Calculate 3 + 1 + 8 + -12 - -3.
3
What is -6 - (-3 - 1 - (-7 - -4))?
-5
1 - -10 - (7 + 0)
4
Evaluate 46 + -39 - (3 - 1).
5
What is the value of 2 + -10 + 80 + -82?
-10
Evaluate (4 + -7 - -7) + (-1 - -1).
4
Evaluate -3 + 6 - (-1 - 2) - -1.
7
Calculate 2 - (-8 + 7 + 1 + -4).
6
(3 - (4 - -3) - -3) + -2
-3
What is -40 + 34 + (-1 - -1)?
-6
Calculate -243 + 244 + (-1 + 0 - -7).
7
-4 + (-4 - -3) + 4
-1
What is the value of 6 + (-13 - 3) + 4 - 0?
-6
Calculate -13 + 20 + -24 + 11.
-6
-3 + (12 - (9 - 2))
2
Calculate 36 + -39 + 0 + 1 + -1.
-3
What is the value of (-7 - -18 - 16) + (10 - -1)?
6
What is -13 + (4 - (6 + -9))?
-6
(-3 - 0 - -7) + -5 - -2
1
6 + (-15 - -6) + 3
0
Calculate 7 + (-4 - 1) + 1.
3
What is 12 - (1 - 7 - -7 - -1)?
10
0 - (4 - 1 - (7 - 4))
0
Evaluate (-14 - -11) + 3 + -4 + -5.
-9
Evaluate -1 + (-1 + -2 - (3 + -2)).
-5
What is the value of 22 + -22 + (-4 - -2)?
-2
Evaluate -2 + -17 - -4 - (0 - 6).
-9
What is 4 + -1 - (-3 - -1)?
5
What is the value of -9 + 22 + -6 + -2?
5
Evaluate -1 - (4 - 1 - 7).
3
-9 - (-3 - -3) - -13
4
What is the value of -6 + 10 + 2 - (-1 - -4)?
3
What is 3 + -1 - 6 - -8?
4
What is the value of -11 - -12 - 6 - -2?
-3
Evaluate -6 - 2 - (42 - 50).
0
What is the value of 1 - 7 - 2 - -9?
1
Evaluate (-2 - -2) + 5 - (0 + 0).
5
What is 4 + 1 + -1 - 3 - 3?
-2
-13 + (17 - (19 + -9))
-6
Evaluate -7 + 17 + -7 + -7 + 12.
8
Calculate (5 - (-3 + 0)) + (43 - 43).
8
1 + 0 + (-4 + 3 - 1)
-1
Calculate -16 + 16 - (-6 + 1).
5
What is -2 - -8 - (6 - 0)?
0
What is (3 - (4 + 1 + -1)) + -3?
-4
(-1 - 0) + 2 + -7 + 2
-4
What is 1 - (-6 - (2 - -2 - 5))?
6
What is the value of -2 + 1 + -2 + 3?
0
Evaluate 7 + -11 - (-4 - 0).
0
What is 3 + 7 + -4 - 4?
2
-7 + 4 + 3 + -3
-3
Calculate 22 - 29 - (-7 - -2).
-2
What is the value of -10 + (-8 - -19) + -4?
-3
What is 3 - 2 - (23 - 18)?
-4
What is -10 + -1 - -14 - (-3 - 1)?
7
Calculate 11 + -15 - (-3 - 1).
0
What is -3 + 1 - (1 - 1)?
-2
What is the value of (6 - 1) + -1 + 0 + -8?
-4
What is -3 - (-1 + -9) - 6?
1
What is -7 + 1 + -1 + 214 + -210?
-3
What is -1 + -3 + -6 + 9?
-1
Calculate (-1 - -2 - (-16 - -15)) + -2.
0
Calculate 1 + (2 - 0) + -8.
-5
Calculate 1 - (-12 - -4) - 4 - 7.
-2
What is -2 - (2 - (4 - 3))?
-3
Evaluate 10 + (-6 - -14) + -14.
4
Calculate 1 - (2 + -5 + 6).
-2
What is the value of 0 + -10 + 19 - 7?
2
Calculate 0 - (1 + 2 + -7).
4
Evaluate 7 - 1 - (1 - -3).
2
What is the value of 7 - 4 - (1 - -3 - 0)?
-1
Calculate 4 - (-6 - (-22 + 15)).
3
What is the value of (-13 - -9) + -1 + -1 + 3?
-3
Calculate 11 + -15 + (-2 - -2 - 3).
-7
Calculate (-16 + 0 - 0) + (4 - -2).
-10
Evaluate -16 - -13 - (2 - (6 - 1)).
0
What is -2 + (-6 - 0) + 26 + -13?
5
-3 + (1 - ((2 - 5) + 0))
1
What is the value of -3 + (0 - (0 - 4))?
1
What is the value of 9 - (0 - ((5 - 12) + 9))?
11
Evaluate 1 + 12 + (-37 - -28).
4
(-39 - -35) + (0 - -9) - -1
6
Calculate 0 + (1 - 2) - (-16 + 14).
1
Evaluate -10 - (5 + -11) - 3.
-7
Evaluate 4 + 0 - (28 + -13).
-11
Calculate 1 - (-1 - (2 + 1 + -8)).
-3
-4 + (2 - 0 - 3)
-5
What is -3 + (0 + 2 + 2 - 0)?
1
Evaluate 1 + -4 + 6 + -4.
-1
7 + (5 + -20 - -2)
-6
0 - 4 - (9 - 13)
0
-2 - ((1 - 2) + -1 + 2)
-2
What is -5 - (3 - (-4 + 12))?
0
Calculate 1 - (-2 + -3 + 2 + 4).
0
Calculate -1 + -6 + 8 + -3.
-2
What is -4 + 4 + 2 + (-7 - -1)?
-4
-9 + (-2 - -14) - (-2 - -1)
4
1 + -17 + -92 + 102
-6
What is -2 + (-7 - -9) + (9 - -1)?
10
What is the value of -2 + -5 + (10 - -4)?
7
What is 0 - -12 - (-10 + 21)?
1
Calculate (3 - (-1 + 0)) + -2.
2
What is -7 + 2 + (19 - 12 - -8)?
10
What is the value of 2 + 0 + (10 - 7)?
5
What is the value of -10 - (9 - 18) - (-4 + 0)?
3
Calculate -6 + (2 - 7) + (0 - -2).
-9
What is -11 + 3 + 3 + (0 - -5)?
0
Evaluate -8 + -1 + 0 + 4.
-5
What is 23 - 15 - (3 + -1)?
6
What is the value of (7 - (3 + -3)) + (-2 - 0)?
5
What is the value of -4 - ((2 - 0) + -2 - 7)?
3
-5 + (10 - 20) + 11
-4
Calculate (-75 - -75) + (-6 - 1) + 4.
-3
Evaluate (8 - 3) + 1 + -3 + 4.
7
What is the value of 0 - (5 + 3 + -1 + -5)?
-2
Calculate -14 + 2 + 1 + 5.
-6
Evaluate -8 + 28 + -2 + -9.
9
Evaluate 22 + -23 - (2 + -1).
-2
Calculate 0 - 1 - (3 + -8).
4
What is the value of (-26 - -9 - -20) + (1 - -5)?
9
Calculate -7 + (-6 - -2) + 10 + -6.
-7
Calculate -13 + -1 - (-36 - -31).
-9
-3 - (-4 + 5 - 5)
1
What is (5 + 1 - 4) + -1?
1
What is the value of (3 - (10 + 1)) + 3?
-5
What is -3 - -2 - (3 - (-1 + 1))?
-4
Wha